 q(p) = 49*p + 9. Let j(x) = 25*x + 4. Let w(l) = 13*j(l) - 6*q(l). Let b be w(1). Suppose r = b - 7. What are the prime factors of r?
2, 11
Let u(l) = l**2 + 8*l - 2. Let q be u(-9). List the prime factors of ((-4)/q)/2 - 1900/(-133).
2, 7
Suppose 17470 - 5474 = 4*q. List the prime factors of q.
2999
Let h(o) = 18*o + 3 - 24*o - 3*o**3 + 2*o**3 + 6*o**2. Let v be h(5). What are the prime factors of 20 - v - 9/3?
19
Let o(h) = -36*h - 45. Let f be o(-18). Let p = f - 408. What are the prime factors of p?
3, 5, 13
Let h = 33 + -16. Let q = 22 - h. Suppose -c = -q*t + 104, 22 = 4*t - 2*c - 66. List the prime factors of t.
2, 5
Suppose -4*k + 1 = 3*u - 36, -4*u - 5*k + 48 = 0. Let t = 141 - u. List the prime factors of (2 - t)/(-2) + 2.
2, 17
Suppose 2*w + 256 = -2*w. Let o be ((-9)/(-4))/((-6)/w). Suppose -5*s + o = -66. List the prime factors of s.
2, 3
Suppose -t = -6*t, 0 = 3*z - 2*t - 1923. What are the prime factors of z?
641
Let m(f) = 0*f**2 + 4*f**2 - 2*f**2 + 0 + 3. Let w(h) = -10*h**2 - 15. Let g(z) = 22*m(z) + 4*w(z). What are the prime factors of g(-3)?
2, 3, 7
Let o(g) = 28*g**2 + 9*g - 78. List the prime factors of o(5).
23, 29
Let g(z) = -z**3 - 6*z**2 - 7*z - 2. Let q be 9/15 - 17/(-5). Suppose -q*l + l = 15. What are the prime factors of g(l)?
2
Let k(u) = -u**3 + 8*u**2 + 9*u + 3. Let c be 1*(1 + -3 + 5). Suppose c*w - 5*v - 27 = 0, 2*w - 27 + 9 = -3*v. What are the prime factors of k(w)?
3
Suppose 0 = 4*w + w - 210. What are the prime factors of w/(((-20)/5)/(-4))?
2, 3, 7
Suppose 0 = -27*i + 39*i - 1860. List the prime factors of i.
5, 31
Let l = 4 + 22. Let t = l - 36. List the prime factors of (-88)/t*5/2.
2, 11
Let g(m) = 31*m - 4. Suppose 11 = -4*s + 3. Let l be g(s). What are the prime factors of 4/(-22) - 3708/l?
2, 7
What are the prime factors of 6/(-21) - 7/((-245)/103225)?
3, 983
Let v = 60 - 69. Let x(n) = n**3 + 10*n**2 - 7*n - 9. What are the prime factors of x(v)?
3, 5
Suppose 2*m - 952 = -3*v, -3*v = 20*m - 17*m - 1431. List the prime factors of m.
479
Suppose -35*w + 38425 = -6*w. What are the prime factors of w?
5, 53
Suppose 0 = -2*h + 153 + 647. List the prime factors of h.
2, 5
Suppose 3*o = -2*l + 2*o + 475, 4*o = -5*l + 1195. Suppose 3*y + 2*j = 227, y - l = -2*y - 4*j. List the prime factors of y.
73
Suppose 6*v - 8*v - 5*i + 2690 = 0, -v + 2*i = -1345. List the prime factors of v.
5, 269
Let c(m) = 21 + m**2 + 19 - m**3 - 44 - 12*m**3. List the prime factors of c(-2).
2, 13
Suppose 2*g - g + 4 = 0. Let k(b) be the first derivative of b**3 + 7*b**2/2 + 6*b + 149. What are the prime factors of k(g)?
2, 13
Let i be 2*10*(-10)/(-25). Let z(r) = r**3 - 2*r**2 - 22*r + 20. List the prime factors of z(i).
2, 3, 19
Suppose 64*n = 51*n + 1937. What are the prime factors of n?
149
Suppose 0 = 5*b + 124 + 31. Let h = -40 - b. Let m(s) = -s - 5. What are the prime factors of m(h)?
2
Let v be (-4)/12*(-6 - 0). Suppose -4 - v = -3*a. Suppose -d - 20 = -a*o + d, 3*o = -4*d + 23. What are the prime factors of o?
3
Let h(n) = 8*n**2 - 11*n - 79. List the prime factors of h(-8).
521
Let f = 482 + 766. List the prime factors of f.
2, 3, 13
Let p be 1/2 - (-41)/2. Let i be 126/10*70/p. List the prime factors of 12/i - (-388)/14.
2, 7
Suppose 0 = 8*l - 4*l - 76. List the prime factors of (l*-1)/(15/(-45)).
3, 19
Let a(q) = -67*q - 114. List the prime factors of a(-11).
7, 89
Let c be (-1640)/15 + (-8)/(-6). Let f = 173 + c. What are the prime factors of f?
5, 13
Suppose -15*j - 2*v + 2588 = -11*j, 2*v - 4 = 0. List the prime factors of j.
2, 17, 19
What are the prime factors of (-5 - 66/(-12))*2986?
1493
Suppose 0 = 4*a + 2*m - 260, -5*a = -a + 5*m - 254. Let i be (1/(6/(-141)))/(1/2). Let f = a + i. What are the prime factors of f?
19
Suppose 3*z - 16 + 0 = -5*n, -n = -5. Let p = 18 + z. List the prime factors of p.
3, 5
Let t = 224 + -240. Suppose 3*a = 9, -4*q - a = 3 + 10. Let h = q - t. What are the prime factors of h?
2, 3
List the prime factors of 183/((2 - (-5)/(-3))/1).
3, 61
Let f(g) = g**3 + 27*g**2 - 41*g + 43. What are the prime factors of f(-25)?
2, 19, 61
Let k(n) = n**3 - 6*n**2 - 8*n + 4. Let r be k(7). What are the prime factors of 12 + 134 + r/(-3)*3?
149
Let p(h) be the third derivative of -23*h**4/24 + 2*h**3 - 11*h**2. Let b be p(-5). Let z = 191 - b. List the prime factors of z.
2
Let a(j) = -2*j**3 - 4*j**2 - 4*j. Let w be a(-3). Let o(m) = -10*m + 265. Let r be o(26). Suppose -365 = -r*u - w. What are the prime factors of u?
67
Let p(n) = 34*n**2 - 360*n + 1. List the prime factors of p(11).
5, 31
Let p(u) = -26*u**3 + 2*u**2 + u + 1. What are the prime factors of p(-1)?
2, 7
Suppose -u = -n + 1 - 0, -3 = -4*n + 5*u. Suppose 0 = -p + n - 24. Let z = 34 + p. List the prime factors of z.
2, 3
Let s(k) = k - 9. Suppose 3*u = g + 8 + 22, u + 4 = 5*g. Let i be s(u). Suppose 0 = -i*v + 150. List the prime factors of v.
3, 5
Let y(g) = -451*g - 201. What are the prime factors of y(-7)?
2, 739
Suppose 0*k = -k - 372. What are the prime factors of -15*-1*k/(-30)?
2, 3, 31
Let o = 3300 + -2042. What are the prime factors of o?
2, 17, 37
List the prime factors of (3 - (-92)/(-3))/((-1)/9).
3, 83
Let y be (-23)/7 - (-2)/7. Let o = 1000 - 1002. What are the prime factors of 9/o*20/y?
2, 3, 5
Let o(q) = -52*q + 205. List the prime factors of o(-13).
881
Suppose 9*z = 7*z - 72. Let j = -21 - z. List the prime factors of j.
3, 5
Let k = 18 + -21. Let g(t) = 6*t**2 + t - 3. What are the prime factors of g(k)?
2, 3
Let a(w) = 4*w**2 + 2*w - 2. Let l be a(-2). Suppose -3*d + l = -53. Suppose -3*b + d = 3*f, 0*f - 3*b = -5*f + 43. List the prime factors of f.
2
Suppose 4*v + 158 = 5*h, h + 2*v = 3*v + 32. Let t = h + -21. List the prime factors of t.
3
Let y(s) = -s**2 - 13*s - 6. Let v be y(-12). Suppose -2*k - 2 = -v. List the prime factors of ((-51)/(-6) + 0)*k.
17
Let g(i) = -i**3 - 37*i**2 + 57*i - 46. List the prime factors of g(-40).
2, 1237
Let r(n) = -2*n + 2. Let f(h) = -11*h**2. Suppose -4*y - 4*k + 12 = 0, 0 = 2*y - 4*k + 2 + 4. Let q be f(y). List the prime factors of r(q).
2, 3
Let k be 273/12*(-1 - 1 - 2). Let l = 119 + k. What are the prime factors of l?
2, 7
Let q(k) = 6*k**2. Let u be q(2). Let n = u + -14. What are the prime factors of n?
2, 5
Let k(d) = d**3 - 9*d**2 + 4*d + 4. Let g be k(5). Suppose q = -2*n + 112, 2*n + 3*n - 545 = -5*q. Let s = q + g. List the prime factors of s.
2, 3, 5
Suppose w - 663 + 56 = 0. List the prime factors of w.
607
Suppose -7*m - 9888 = -39*m. What are the prime factors of m?
3, 103
Let x = -58 + 148. Suppose 0 = -5*z + 5, 0*g + g = 2*z + 62. Let h = x - g. List the prime factors of h.
2, 13
Suppose p + 3*a = 548, -2*a = 2*p - 3*a - 1131. List the prime factors of p.
563
Suppose 3384 = -302*z + 306*z. What are the prime factors of z?
2, 3, 47
Let j(x) = -x**2 + 12*x - 13. Let l be (-8)/(-52) - (-60)/(-52). Let c(k) = -7*k**3 + 2*k + 1. Let b be c(l). List the prime factors of j(b).
23
Let y(k) = -k**3 - 5*k**2 + 5*k - 6. Let t be y(-6). Suppose -2*r - 3*p + 4*p + 309 = t, -2*r + 2*p + 306 = 0. List the prime factors of r.
2, 3, 13
Let f be 2 + 16 + 6/(-3) + 3. Let p = f - -52. What are the prime factors of p?
71
Suppose 7*d + 129 = 136. Suppose -4*c = -p - 2*c + 12, 3*c = p - 14. Suppose p = q - d. List the prime factors of q.
3
Let n(z) = z**2 - 4*z + 2. Let d be n(4). Suppose 15 = d*w + 5*g, 6*w = w - g + 3. Suppose w = -2*a - 6, -q + 2*a = -20 + 6. List the prime factors of q.
2
Let d(u) = u**3 + 9*u**2 + 7*u + 56. What are the prime factors of d(-6)?
2, 61
Suppose 5*f = -4*g + 17, 2*g = -0*g - 4. List the prime factors of (-2 - (f + -5)) + 171.
13
Suppose -1398 = 11*k - 5842. List the prime factors of k.
2, 101
Suppose -88*k + 92*k = 4, -k = 4*i - 6685. What are the prime factors of i?
3, 557
Let q(c) = -c + 0*c + 9*c. Let u be q(-1). Let d(l) = l**3 + 9*l**2 + 7*l - 4. What are the prime factors of d(u)?
2
Suppose -5*o - 3*d = -21, 5*o - d = 2*d + 9. Suppose -a + o*a = 3*f - 18, 5*f - 17 = -a. Suppose -f*p - 3 = -31. List the prime factors of p.
7
Let f be ((-9)/1)/((-3)/3). Let g(a) be the second derivative of a**3 - 13*a**2/2 - a - 36. What are the prime factors of g(f)?
41
Let f(r) = -r**2 - 4*r - 8. Let z be f(-4). Let x = z - -10. What are the prime f